{"id":4651,"date":"2012-12-23T13:32:48","date_gmt":"2012-12-23T12:32:48","guid":{"rendered":"http:\/\/www.sabinewenig.de\/myblog\/?page_id=4651"},"modified":"2022-12-15T13:22:30","modified_gmt":"2022-12-15T12:22:30","slug":"typische-fragen","status":"publish","type":"page","link":"http:\/\/www.sabinewenig.de\/myblog\/?page_id=4651","title":{"rendered":"Typische Fragen"},"content":{"rendered":"<p>&nbsp;<\/p>\n<p>((\u00af\u00b0~\u00bb\u00ab~\u00b0\u00af))((\u00af\u00b0~\u00bb\u00ab~\u00b0\u00af))((\u00af\u00b0~\u00bb\u00ab~\u00b0\u00af))__((\u00af\u00b0~\u00bb\u00ab~\u00b0\u00af))((\u00af\u00b0~\u00bb\u00ab~\u00b0\u00af))((\u00af\u00b0~\u00bb\u00ab~\u00b0\u00af))<br \/>\n~~~~ _..-+*\u00b0*+-.._~~~~~ _..-+*\u00b0*+-.._~~~~ _..-+*\u00b0*+-.._~~~~~ _..-+*\u00b0*+-.._<\/p>\n<p>&nbsp;<\/p>\n<p><em><strong>Fragen einer Partnervermittlung :<\/strong><\/em><\/p>\n<p>&nbsp;<\/p>\n<p>&nbsp;<\/p>\n<p><strong>L\u00e4dst du Filme, Serien oder Musik herunter? <\/strong><\/p>\n<p>&#8222;Ich nehme online das TV-Programm auf und lade mir diese Sendungen runter<br \/>\n&#8211; das ist weder illegal noch schadet es jemandem &#8211; fr\u00fcher hatte man Video-Recorder,<br \/>\nheutzutage l\u00e4uft alles online&#8220;<\/p>\n<p>&nbsp;<\/p>\n<p><strong>Wie wichtig ist Sport f\u00fcr dich?<\/strong><\/p>\n<p>&#8222;Ich habe mit Sport nichts am Hut.&#8220; \u2013 &#8222;stimmt genau :<br \/>\nich akzeptiere Sportler &#8211; oder die es glauben, zu brauchen oder \u00e4hnlich<br \/>\n&#8211; ich selber bin aber unsportlich&#8220;<\/p>\n<p>&nbsp;<\/p>\n<p><strong>Geizhals oder &#8218;Big Spender&#8216;?<\/strong><\/p>\n<p>&#8222;Irgendwo dazwischen&#8220; \u2013 &#8222;mal so und mal so&#8220;<\/p>\n<p>&nbsp;<\/p>\n<p><strong>Wie h\u00e4ufig trinkst du Alkohol?<\/strong><\/p>\n<p>&#8222;Ein bisschen&#8220; \u2013 &#8222;ab und an ein Gl\u00e4schen s\u00fc\u00dfen<br \/>\nWein&#8220;<\/p>\n<p>&nbsp;<\/p>\n<p><strong>Kannst du Geheimnisse bewahren?<\/strong><\/p>\n<p>&#8222;Normalerweise&#8220; \u2013 &#8222;Im allgemeinen bin ich verschwiegen,<br \/>\naber manchmal mu\u00df man mit anderen dar\u00fcber reden um Erfahrungsaustausch<br \/>\nzu betreiben&#8220;<\/p>\n<p>&nbsp;<\/p>\n<p><strong>Wenn du in den Weltraum reisen k\u00f6nntest, w\u00fcrdest du es<br \/>\ntun?<\/strong><\/p>\n<p>&#8222;Oh nein, ich w\u00fcrde Angst davor haben!&#8220; \u2013 &#8222;es w\u00fcrde<br \/>\nmich zwar reizen, aber ich h\u00e4tte zu viel Angst&#8220;<\/p>\n<p>&nbsp;<\/p>\n<p><strong>Sprichst du irgendwelche ausl\u00e4ndischen Sprachen?<\/strong><\/p>\n<p>&#8222;Schulkenntnisse russisch und engl.&#8220;<\/p>\n<p>&nbsp;<\/p>\n<p><strong>Nimmst du Anhalter mit?<\/strong><\/p>\n<p>&#8222;Wenn ich es mag&#8220; \u2013 &#8222;Kommt darauf an, welcher Stimmung<br \/>\nich bin und ob der Anhalter einen ok-Eindruck macht&#8220;<\/p>\n<p>Ich habe aber keinen F\u00fchrerschein, also stellt sich diese Frage nicht.<\/p>\n<p>&nbsp;<\/p>\n<p><strong>Im welcher Art von Schuhen f\u00fchlst du dich am wohlsten?<\/strong><\/p>\n<p>&#8222;spitze schwarze Pumps mit 5cm Pfennig-Abs\u00e4tzen&#8220;<\/p>\n<p>&nbsp;<\/p>\n<p><strong>W\u00fcrdest du gern ber\u00fchmt sein?<\/strong><\/p>\n<p>&#8222;Wahrscheinlich nicht&#8220; \u2013 &#8222;ber\u00fchmt &#8211; wozu ? Jeder<br \/>\nMensch hat seine eigene Pers\u00f6nlichkeit &#8211; wichtig ist, da\u00df man sich<br \/>\nso mag, wie man ist&#8220;<\/p>\n<p>&nbsp;<\/p>\n<p><strong>Singst du unter der Dusche?<\/strong><\/p>\n<p>&#8222;Ne!&#8220; \u2013 &#8222;n\u00f6 &#8211; beim Duschen und in der Wanne nicht<br \/>\n&#8211; sonst schon&#8220;<\/p>\n<p>&nbsp;<\/p>\n<p><strong>Hast du irgendwelche S\u00fcchte?<\/strong><\/p>\n<p>&#8222;Nur die \u00fcblichen&#8220; \u2013 &#8222;rauche nicht, trinke nur mal<br \/>\nein Glas Wein, esse gerne gutes Essen, s\u00fcchtig : ggf. Internet und Liebe,<br \/>\nFreunde und alles was dazu geh\u00f6rt&#8220;<\/p>\n<p>&nbsp;<\/p>\n<p><strong>W\u00fcrdest du im Ausland leben wollen?<\/strong><\/p>\n<p>&#8222;Nein, ich w\u00fcrde Heimweh bekommen&#8220; \u2013 &#8222;Ich bin durchweg<br \/>\nein Ossi&#8220;<\/p>\n<p>&nbsp;<\/p>\n<p><strong>Hast du gute Vors\u00e4tze f\u00fcrs neue Jahr?<\/strong><\/p>\n<p>&#8222;jeder hat gute Vors\u00e4tze &#8211; inwieweit man sie umsetzen kann, wird<br \/>\nman sehen und hat man z.T. auch selber in der Hand &#8211; f\u00fcr mich : Friede<br \/>\nund Liebe&#8220;<\/p>\n<p>&nbsp;<\/p>\n<p><strong>Was w\u00fcrdest du auf eine einsame Insel mitnehmen?<\/strong><\/p>\n<p>&#8222;bl\u00f6de Frage&#8220;<\/p>\n<p>&nbsp;<\/p>\n<p><strong>Weinst du, wenn ein Film zuende ist?<\/strong><\/p>\n<p>&#8222;doch nicht bei jedem Film !?! nur bei traurigen Filmen weine ich schon<br \/>\nmal&#8220;<\/p>\n<p>&nbsp;<\/p>\n<p><strong>Bist du eine emotionale Person?<\/strong><\/p>\n<p>&#8222;ja ich bin emotional &#8211; aber nicht extrem&#8220;<\/p>\n<p>&nbsp;<\/p>\n<p><strong>W\u00fcrdest du dich beschreiben als lustig oder ernst ?&nbsp;<\/strong><\/p>\n<p>&#8222;Irgendwo dazwischen&#8220; \u2013 &#8222;ich lache gerne, weis aber auch,<br \/>\nwann Ernst angebracht ist &#8211; ich liebe Humor und Comedy, aber Weinen mu\u00df<br \/>\nauch mal sein, befreit die Seele&#8220;<\/p>\n<p>&nbsp;<\/p>\n<p><strong>Tr\u00e4umst du?<\/strong><\/p>\n<p>&#8222;Immer, und ich erinnere mich an meine Tr\u00e4ume&#8220; \u2013 &#8222;naja,<br \/>\nnicht immer, aber sehr oft und weis es morgens auch meist noch&#8220;<\/p>\n<p>&nbsp;<\/p>\n<p><strong>Wann hast du das Letzte Mal geweint und gelacht?<\/strong><\/p>\n<p>&#8222;vor kurzem : geweint beim traurigen Film<br \/>\nund gelacht \u00fcber gute Comedy und Witze &#8211; baut wieder auf&#8220;<\/p>\n<p>&nbsp;<\/p>\n<p><strong>Magst du Fr\u00fchst\u00fccken?<\/strong><\/p>\n<p>&#8222;Fr\u00fchst\u00fcck ist die wichtigste Mahlzeit des Tages&#8220;<\/p>\n<p>&nbsp;<\/p>\n<p><strong>Hast du einen Lieblingssong?<\/strong><\/p>\n<p>&#8222;Nicht wirklich&#8220; \u2013 &#8222;h\u00f6re alles quer Beet &#8211; liebe<br \/>\ndie 80er und NDW, aber auch aktuelles&#8220;<\/p>\n<p>&nbsp;<\/p>\n<p><strong>Welchen Geruch bevorzugst du?<\/strong><\/p>\n<p>&#8222;oh da gibt es viele gute Ger\u00fcche &#8211; z.B. wenn man in den Tschibo-Laden<br \/>\nrein kommt oder wenn die Wohnung nach Braten duftet &#8211; bei Deo usw. ehr fruchtige<br \/>\nD\u00fcfte&#8220;<\/p>\n<p>&nbsp;<\/p>\n<p><strong> Tr\u00e4gst du Parf\u00fcm?<\/strong><\/p>\n<p>&#8222;Nur zu besonderen Anl\u00e4ssen&#8220; \u2013 &#8222;im Normalfall bevorzuge<br \/>\nich Deo&#8220;<\/p>\n<p>&nbsp;<\/p>\n<p><strong>Magst du knuddeln?<\/strong><\/p>\n<p>&#8222;H\u00e4ngt davon ab, mit wem ich kuschle&#8220; \u2013 &#8222;ja stimmt<br \/>\n&#8211; nicht mit jedem kuscheln und knuddeln &#8211; die Chemie mu\u00df stimmen&#8220;<\/p>\n<p>&nbsp;<\/p>\n<p><strong>Wie oft gehst du ins Kino?<\/strong><\/p>\n<p>&#8222;Gelegentlich&#8220; \u2013 &#8222;ab und an&#8220;<\/p>\n<p>&nbsp;<\/p>\n<p><strong>Wof\u00fcr benutzt du Twoo?<\/strong><\/p>\n<p>&#8222;Bin ich nicht&#8220;<\/p>\n<p>&nbsp;<\/p>\n<p><strong> Magst du Horrorfilme?<\/strong><\/p>\n<p>&#8222;kommt auf die Stimmung an &#8211; manchmal ist mir auch nach Horrorfilm&#8220;<\/p>\n<p>&nbsp;<\/p>\n<p><strong>K\u00f6nntest du mit einer chaotischen Person zusammenleben?<\/strong><\/p>\n<p>&#8222;Im angemessenen Rahmen&#8230;&#8220; \u2013 &#8222;jeder Mensch ist irgendwie<br \/>\nchaotisch &#8211; ich ganz genauso &#8211; wichtig ist nur, wie man damit gegenseitig umgeht&#8220;<\/p>\n<p>&nbsp;<\/p>\n<p><strong>Warst du schon mal verliebt?<\/strong><\/p>\n<p>&#8222;Ja, definitiv!&#8220; \u2013 &#8222;ja und oft und immer wieder &#8211; mal<br \/>\nmehr und mal weniger und wenn es vorbei ist, lande ich immer im emotionalen<br \/>\ntiefen Loch und mu\u00df mich wieder rausarbeiten&#8220;<\/p>\n<p>&nbsp;<\/p>\n<p><strong>Wie h\u00e4ufig bist du traurig?<\/strong><\/p>\n<p>&#8222;Oft&#8220; \u2013 &#8222;sehr oft&#8220;<\/p>\n<p>&nbsp;<\/p>\n<p><strong>Wann war deine letzte Dusche?<\/strong><\/p>\n<p>&#8222;Diesen Morgen&#8220; \u2013 &#8222;Reinlichkeit mu\u00df sein &#8211; aber<br \/>\nich hasse extreme Ger\u00fcche (z.B. bei Aftershafe oder schwere D\u00fcfte<br \/>\nbei Frauen)&#8220;<\/p>\n<p>&nbsp;<\/p>\n<p><strong> Wie oft h\u00e4ltst du deine Versprechen?<\/strong><\/p>\n<p>&#8222;Immer!&#8220; \u2013 &#8222;Ich bin ein verl\u00e4\u00dflicher Mensch&#8220;<\/p>\n<p>&nbsp;<\/p>\n<p><strong>Wie w\u00fcrdest du deine emotionale Intelligenz bewerten?<\/strong><\/p>\n<p>&#8222;Ich habe keine Probleme mit Emotionen&#8220; \u2013 &#8222;ich bin ziemlich<br \/>\nemotional zu bestimmten Zeiten (nicht immer)&#8220;<\/p>\n<p>&nbsp;<\/p>\n<p><strong>Hast Lust, jemanden von Twoo pers\u00f6nlich zu treffen?`<\/strong><\/p>\n<p>&#8222;nein&#8220;<\/p>\n<p>&nbsp;<\/p>\n<p><strong>Spielst du Lotto?<\/strong><\/p>\n<p>&#8222;Lotto nicht &#8211; aber Gewinnspiele wie Adventskalender usw.&#8220;<\/p>\n<p>&nbsp;<\/p>\n<p><strong>Was ist romantisch f\u00fcr dich?<\/strong><\/p>\n<p>&#8222;Eine nette Nachricht&#8220; \u2013 &#8222;Ich freue mich immer \u00fcber<br \/>\nnette Post &#8211; romantisch ist aber ehr was anderes &#8211; z.B. sich anmachen, Glas<br \/>\nWein beim Kerzenschein und kuscheln usw.&#8220;<\/p>\n<p>&nbsp;<\/p>\n<p><strong> Was denkst du \u00fcber Haustiere?<\/strong><\/p>\n<p>&#8222;Nach dem Tod meines Katers beh\u00fcte ich den Hund meines Freundes \u00f6fter&#8220;<\/p>\n<p>&nbsp;<\/p>\n<p><strong>Im Urlaub suche ich nach<\/strong><\/p>\n<p>&#8222;Ausruhen und relaxen&#8220; \u2013 &#8222;Entspannen, Stressfreiheit<br \/>\n&#8211; aber ggf. auch ein erotisches Abenteuer und man m\u00f6chte etwas von Land<br \/>\nund Leute sehn&#8220;<\/p>\n<p>&nbsp;<\/p>\n<p><strong>Kochst du dir dein Essen meistens selbst?<\/strong><\/p>\n<p>&#8222;Ich koche tagt\u00e4glich und es schmeckt &#8211; na sagen wir mal : zu 75 % bombastisch lecker &#8211; das sieht man auch daran, da\u00df ich keine Barbiefigur habe&#8220;<\/p>\n<p>&nbsp;<\/p>\n<p><strong> Hast du Tatoos?<\/strong><\/p>\n<p>&#8222;Ich habe und mache mir keine, aber ich akzeptiere es bei anderen, wenn<br \/>\nsie es brauchen&#8220;<\/p>\n<p>&nbsp;<\/p>\n<p><strong>Crepes oder Waffeln?<\/strong><\/p>\n<p>&#8222;beides mag ich &#8220;<\/p>\n<p>&nbsp;<\/p>\n<p><strong>Findest du Intelligenz attraktiv?<\/strong><\/p>\n<p>&#8222;ja&#8220;<\/p>\n<p>&nbsp;<\/p>\n<p><strong>Glaubst du, dass es Leben auf anderen Planeten gibt?<\/strong><\/p>\n<p>&#8222;Wir k\u00f6nnen es nicht sicher wissen&#8220; \u2013 &#8222;warum soll<br \/>\ndas nicht m\u00f6glich sein ? Kann schon sein&#8220;<\/p>\n<p>&nbsp;<\/p>\n<p><strong>Bist du ein Katzen- oder ein Hundetyp?<\/strong><\/p>\n<p>&#8222;Katze&#8220;<\/p>\n<p>&nbsp;<\/p>\n<p><strong> Was liest du gern?<\/strong><\/p>\n<p>&#8222;kaum B\u00fccher &#8211; ehr alles im Internet &#8220;<\/p>\n<p>&nbsp;<\/p>\n<p><strong>Idealer Urlaub?<\/strong><\/p>\n<p>&#8222;Ein bi\u00dfchen von allem&#8220; \u2013 &#8222;Meer und Pool, aber<br \/>\nauch was erleben&#8220;<\/p>\n<p>&nbsp;<\/p>\n<p><strong>Ist Geld wichtig f\u00fcr dich?<\/strong><\/p>\n<p>&#8222;Ich brauche Geld zum Leben, das ist alles&#8220; \u2013 &#8222;Geld macht<br \/>\nnicht gl\u00fccklich, aber es beruhigt. Ich habe, was ich<br \/>\nbrauche &#8211; was will ich mehr ?&#8220;<\/p>\n<p>&nbsp;<\/p>\n<p><strong>Was denkst du \u00fcber Vegetarismus?<\/strong><\/p>\n<p>&#8222;Ich akzeptiere Vegetarier &#8211; bin aber keine&#8220;<\/p>\n<p>&nbsp;<\/p>\n<p><strong>Was ist dein Lieblings- Musikgenre?<\/strong><\/p>\n<p>&#8222;Ein wenig von allem&#8220; \u2013 &#8222;bin f\u00fcr alles offen &#8211; auch<br \/>\nwenn ich Oper o.\u00e4. nicht so bevorzuge&#8220;<\/p>\n<p>&nbsp;<\/p>\n<p><strong> St\u00f6\u00dft dich Rauchen ab?<\/strong><\/p>\n<p>&#8222;Ich toleriere es, finde es aber nicht sch\u00f6n &#8220;<\/p>\n<p>&nbsp;<\/p>\n<p><strong>Wenn du Superkr\u00e4fte haben k\u00f6nntest, was w\u00fcrde es sein?<\/strong><\/p>\n<p>&#8222;Etwas anderes&#8230;&#8220; \u2013 &#8222;Liebe schenken und empfangen&#8220;<\/p>\n<p>&nbsp;<\/p>\n<p><strong>Bist du ein Partytyp?<\/strong><\/p>\n<p>&#8222;H\u00e4ngt von meiner Stimmung ab&#8230;&#8220; \u2013 &#8222;ab und an&#8220;<\/p>\n<p>&nbsp;<\/p>\n<p><strong>Was denkst du \u00fcber Spiele?<\/strong><\/p>\n<p>&#8222;Kommt auf die Spiele und dem &#8222;Gegner&#8220; an.&#8220;<\/p>\n<p>&nbsp;<\/p>\n<p><strong>Magst du scharfes Essen?<\/strong><\/p>\n<p>&#8222;nein&#8220;<\/p>\n<p>&nbsp;<\/p>\n<p><strong>Glaubst du an Liebe auf den ersten Blick?<\/strong><\/p>\n<p>&#8222;K\u00f6nnte passieren&#8220; \u2013 &#8222;ja k\u00f6nnte es schon geben<br \/>\n&#8211; aber oft l\u00e4\u00dft man den Augenblick leider ungenutzt verstreichen&#8220;<\/p>\n<p>&nbsp;<\/p>\n<p><strong>Bist du ein Fr\u00fchaufsteher?<\/strong><\/p>\n<p>&#8222;Lass mich in Ruhe, bis ich meinen Kaffee hatte!&#8220; \u2013 &#8222;ganz<br \/>\nso krass w\u00fcrde ich es nicht sagen &#8211; aber ein K\u00e4ffchen am Morgen ist<br \/>\nschon wichtig &#8211; bin ein Morgenmuffel &#8220;<\/p>\n<p>&nbsp;<\/p>\n<p><strong>Wann war das letzte Mal, dass du in einer Kunstgallerie warst?<\/strong><\/p>\n<p>&#8222;ich designe meine eigenen Kunstgallerien im Web&#8220;<\/p>\n<p>&nbsp;<\/p>\n<p><strong>Dein Freundeskreis ist &#8230;<\/strong><\/p>\n<p>&#8222;wenig pers\u00f6nliche &#8211; aber viele online&#8220;<\/p>\n<p>&nbsp;<\/p>\n<p><strong>Dein perfekter Abend?<\/strong><\/p>\n<p>&#8222;Mal sehen, was passiert&#8230;&#8220; \u2013 &#8222;ich bin f\u00fcr alles<br \/>\noffen&#8220;<\/p>\n<p>&nbsp;<\/p>\n<p><strong>Wie lange dauerte deine letzte Beziehung?<\/strong><\/p>\n<p>&#8222;Kommt drauf an, wie man Beziehung definiert : Ehe 13 Jahre, Trennung<br \/>\n4 Jahre, Scheidung 1 Jahr &#8212; sich ausprobieren und dann wieder 10 Jahre feste Beziehung&#8220;<\/p>\n<p>&nbsp;<\/p>\n<p><strong>Gro\u00dfst\u00e4dter oder Landbewohner?<\/strong><\/p>\n<p>&#8222;Gro\u00dfst\u00e4dter&#8220; \u2013 &#8222;eindeutig bin ich eine Gro\u00dfst\u00e4dter<br \/>\n&#8212;- idyllisches Landleben ist nur im Urlaub etwas f\u00fcr mich&#8220;<\/p>\n<p>&nbsp;<\/p>\n<p><strong>Familie oder Freunde?<\/strong><\/p>\n<p>&#8222;Blut ist immer dicker als Wasser &#8211; auch wenn mir manche Freunde sehr<br \/>\nnahe stehen, w\u00fcrde ich wohl immer meiner Tochter den Vorzug geben&#8220;<\/p>\n<p>&nbsp;<\/p>\n<p><strong>Wann bist du in Bestform?<\/strong><\/p>\n<p>&#8222;abends bin ich immer in &#8222;Bestform&#8220; &#8211; Nachteule schon nicht<br \/>\nmehr&#8220;<\/p>\n<p>&nbsp;<\/p>\n<p><strong>Hast du schlechte Angewohnheiten?<\/strong><\/p>\n<p>&#8222;Nur ein paar&#8220; \u2013 &#8222;z.B. Fingern\u00e4gel knabbern oder<br \/>\nnicht immer die n\u00f6tige Ruhe aufzubringen&#8220;<\/p>\n<p>&nbsp;<\/p>\n<p><strong>Was denkst du \u00fcber Rechtschreibfehler?<\/strong><\/p>\n<p>&#8222;Ich versuche, keine zu machen &#8211; wer welche findet, kann sie behalten&#8220;<\/p>\n<p>&nbsp;<\/p>\n<p>&nbsp;<\/p>\n<p>&nbsp;<\/p>\n<p>&nbsp;<\/p>\n<p>&nbsp;<\/p>\n","protected":false},"excerpt":{"rendered":"<p>&nbsp; ((\u00af\u00b0~\u00bb\u00ab~\u00b0\u00af))((\u00af\u00b0~\u00bb\u00ab~\u00b0\u00af))((\u00af\u00b0~\u00bb\u00ab~\u00b0\u00af))__((\u00af\u00b0~\u00bb\u00ab~\u00b0\u00af))((\u00af\u00b0~\u00bb\u00ab~\u00b0\u00af))((\u00af\u00b0~\u00bb\u00ab~\u00b0\u00af)) ~~~~ _..-+*\u00b0*+-.._~~~~~ _..-+*\u00b0*+-.._~~~~ _..-+*\u00b0*+-.._~~~~~ _..-+*\u00b0*+-.._ &nbsp; Fragen einer Partnervermittlung : &nbsp; &nbsp; L\u00e4dst du Filme, Serien oder Musik herunter? &#8222;Ich nehme online das TV-Programm auf und lade mir diese Sendungen runter &#8211; das ist weder illegal noch schadet &hellip; <a href=\"http:\/\/www.sabinewenig.de\/myblog\/?page_id=4651\">Weiterlesen <span class=\"meta-nav\">&rarr;<\/span><\/a><\/p>\n","protected":false},"author":1,"featured_media":0,"parent":3182,"menu_order":0,"comment_status":"closed","ping_status":"open","template":"","meta":{"ngg_post_thumbnail":0,"footnotes":""},"class_list":["post-4651","page","type-page","status-publish","hentry"],"_links":{"self":[{"href":"http:\/\/www.sabinewenig.de\/myblog\/index.php?rest_route=\/wp\/v2\/pages\/4651","targetHints":{"allow":["GET"]}}],"collection":[{"href":"http:\/\/www.sabinewenig.de\/myblog\/index.php?rest_route=\/wp\/v2\/pages"}],"about":[{"href":"http:\/\/www.sabinewenig.de\/myblog\/index.php?rest_route=\/wp\/v2\/types\/page"}],"author":[{"embeddable":true,"href":"http:\/\/www.sabinewenig.de\/myblog\/index.php?rest_route=\/wp\/v2\/users\/1"}],"replies":[{"embeddable":true,"href":"http:\/\/www.sabinewenig.de\/myblog\/index.php?rest_route=%2Fwp%2Fv2%2Fcomments&post=4651"}],"version-history":[{"count":0,"href":"http:\/\/www.sabinewenig.de\/myblog\/index.php?rest_route=\/wp\/v2\/pages\/4651\/revisions"}],"up":[{"embeddable":true,"href":"http:\/\/www.sabinewenig.de\/myblog\/index.php?rest_route=\/wp\/v2\/pages\/3182"}],"wp:attachment":[{"href":"http:\/\/www.sabinewenig.de\/myblog\/index.php?rest_route=%2Fwp%2Fv2%2Fmedia&parent=4651"}],"curies":[{"name":"wp","href":"https:\/\/api.w.org\/{rel}","templated":true}]}}