{"id":27166,"date":"2016-01-24T18:24:08","date_gmt":"2016-01-24T17:24:08","guid":{"rendered":"http:\/\/www.sabinewenig.de\/myblog\/?page_id=27166"},"modified":"2021-03-04T21:47:20","modified_gmt":"2021-03-04T20:47:20","slug":"schwerin","status":"publish","type":"page","link":"http:\/\/www.sabinewenig.de\/myblog\/?page_id=27166","title":{"rendered":"Schwerin"},"content":{"rendered":"<p><strong>&#8222;Schwerin<\/strong> (niederdeutsch <em>Swerin<\/em>) ist die Landeshauptstadt von Mecklenburg-Vorpommern. Die kreisfreie Stadt ist nach Rostock zweitgr\u00f6\u00dfte Stadt und eines der vier Oberzentren des Bundeslandes. Laut Hauptsatzung der Stadt f\u00fchrt sie die Bezeichnung \u201eLandeshauptstadt\u201c vor dem Stadtnamen. Mit etwas weniger als 100.000 Einwohnern ist sie die kleinste deutsche Landeshauptstadt.<\/p>\n<p>Die Stadt dehnte sich im Laufe der Zeit am West- und S\u00fcdufer des Schweriner Innensees aus, insgesamt befinden sich zw\u00f6lf Seen innerhalb des Stadtgebietes. Ausgangspunkt der Stadtentwicklung war die Stelle, an der sich das heutige Wahrzeichen der Stadt, das Schweriner Schloss, befindet. Das Schloss war bis 1918 eine Hauptresidenz der mecklenburgischen Herz\u00f6ge und Gro\u00dfherz\u00f6ge und ist seit 1990 Sitz des Landtages.&#8220;<\/p>\n<p>(<span class=\"main\">Zitat aus Wikipedia (<a href=\"http:\/\/de.wikipedia.org\/wiki\/Schwerin\" target=\"_blank\" rel=\"noopener noreferrer\">http:\/\/de.wikipedia.org\/wiki\/Schwerin<\/a>)<\/span><\/p>\n<p>Wappen von Schwerin:<br \/>\n<img loading=\"lazy\" decoding=\"async\" src=\"http:\/\/www.sabinewenig.de\/myblog\/wp-content\/uploads\/2016\/schwerin\/wappen_schwerin.gif\" alt=\"\" width=\"143\" height=\"150\" \/><\/p>\n<p>nicht zu verwechseln mit dem Wappen derer von Schwerin:<br \/>\nhttp:\/\/www.burg-spantekow.de\/html\/wappen_schwerin.html<\/p>\n<p><img loading=\"lazy\" decoding=\"async\" src=\"http:\/\/www.sabinewenig.de\/myblog\/wp-content\/uploads\/2016\/schwerin\/herr-schwerin-wappen.jpg\" alt=\"\" width=\"150\" height=\"198\" \/><\/p>\n<p>oder<\/p>\n<p>das Wappen vom Gro\u00dfherzogtum Mecklenburg-Schwerin<br \/>\n<a href=\"http:\/\/de.academic.ru\/dic.nsf\/dewiki\/866960\" target=\"_blank\" rel=\"noopener noreferrer\">http:\/\/de.academic.ru\/dic.nsf\/dewiki\/866960<\/a><\/p>\n<p><img loading=\"lazy\" decoding=\"async\" src=\"http:\/\/www.sabinewenig.de\/myblog\/wp-content\/uploads\/2016\/schwerin\/wappen_mecklenburg-schwerin.gif\" alt=\"\" width=\"150\" height=\"192\" \/><\/p>\n<p>&#8212;&#8212;&#8212;&#8212;&#8212;&#8212;&#8212;&#8212;&#8212;&#8212;&#8212;&#8212;&#8212;&#8212;&#8212;&#8212;&#8212;&#8212;&#8212;&#8212;-<\/p>\n<p>&#8222;<strong>Die 18 Ortsteile mit ihren zugeh\u00f6rigen Stadtteilen:<\/strong><\/p>\n<ul>\n<li><em>Ortsteil 1:<\/em> Schelfstadt, Werdervorstadt, Schelfwerder<\/li>\n<li><em>Ortsteil 2:<\/em> Altstadt, Feldstadt, Paulsstadt, Lewenberg<\/li>\n<li><em>Ortsteil 3:<\/em> Gro\u00dfer Dreesch (ehem. Dreesch I)<\/li>\n<li><em>Ortsteil 4:<\/em> Neu Zippendorf (ehem. Dreesch II)<\/li>\n<li><em>Ortsteil 5:<\/em> Mue\u00dfer Holz (ehem. Dreesch III)<\/li>\n<li><em>Ortsteil 6:<\/em> Gartenstadt, Ostorf (ehem. Haselholz, Ostorf)<\/li>\n<li><em>Ortsteil 7:<\/em> Lankow<\/li>\n<li><em>Ortsteil 8:<\/em> Weststadt<\/li>\n<li><em>Ortsteil 9:<\/em> Krebsf\u00f6rden<\/li>\n<li><em>Ortsteil 10:<\/em> W\u00fcstmark, G\u00f6hrener Tannen<\/li>\n<li><em>Ortsteil 11:<\/em> G\u00f6rries<\/li>\n<li><em>Ortsteil 12:<\/em> Friedrichsthal<\/li>\n<li><em>Ortsteil 13:<\/em> Neum\u00fchle, Sacktannen<\/li>\n<li><em>Ortsteil 14:<\/em> Warnitz<\/li>\n<li><em>Ortsteil 15:<\/em> Wickendorf<\/li>\n<li><em>Ortsteil 16:<\/em> Medewege<\/li>\n<li><em>Ortsteil 17:<\/em> Zippendorf<\/li>\n<li><em>Ortsteil 18:<\/em> Mue\u00df&#8220;<\/li>\n<\/ul>\n<p>(<span class=\"main\">Zitate aus Wikipedia (<a href=\"http:\/\/de.wikipedia.org\/wiki\/Schwerin\" target=\"_blank\" rel=\"noopener noreferrer\">http:\/\/de.wikipedia.org\/wiki\/Schwerin<\/a>)<\/span><\/p>\n<p>:<\/p>\n<p>&#8222;Die 77 Hektar\u00a0gro\u00dfe <strong>Altstadt<\/strong> befindet sich am Westufer des als <em>Innensee<\/em> bezeichneten S\u00fcdteils des Schweriner Sees und grenzt an die Stadtteile Schelfstadt im Norden, Werdervorstadt im Nordosten, Ostorf im S\u00fcden, die Feldstadt im S\u00fcdwesten und die Paulsstadt im Westen. Zum Areal geh\u00f6rt der Burgsee der als Bucht durch die Schlossinsel und deren Br\u00fccken vom Schweriner See getrennt ist.&#8220;<\/p>\n<p><span class=\"main\">&#8222;<strong>Paulsstadt<\/strong> liegt an Grenze von Feldstadt und Altstadt und beinhaltet u.a den Hauptbahnhof.&#8220;<\/span><\/p>\n<p>&#8222;Die <strong>Schelfstadt (urspr\u00fcnglich: <\/strong><strong>Schelfe<\/strong>, seit 1349 auch: <strong>Neustadt<\/strong>) ist ein Stadtteil Schwerins, der Landeshauptstadt Mecklenburg-Vorpommerns.<br \/>\nDer Stadtteil befindet sich in zentraler Stadtlage s\u00fcdlich des Ziegelinnensees und \u00f6stlich des Pfaffenteichs.&#8220;<br \/>\n<a href=\"http:\/\/schwerin.tourbee.de\/schwerin_stadtteile\/schelfstadt.html\" target=\"_blank\" rel=\"noopener noreferrer\">http:\/\/schwerin.tourbee.de\/schwerin_stadtteile\/schelfstadt.html<\/a><\/p>\n<p>&#8222;<strong>Ostorf<\/strong> ist ein Ortsteil von Schwerin nahe dem Schlossgarten des Schweriner Schlosses&#8220;<\/p>\n<p><strong>&#8222;Neu Zippendorf<\/strong> ist ein Stadtteil der mecklenburg-vorpommerschen Landeshauptstadt Schwerin.<br \/>\nNeu Zippendorf ging nach der Wende aus dem Gro\u00dfen Dreesch hervor, als dieser entsprechend seinen drei Bauabschnitten in die Ortsteile Gro\u00dfer Dreesch, Neu Zippendorf und Mue\u00dfer Holz aufgeteilt wurde.<br \/>\nDer Ortsteil Neu Zippendorf befindet sich im S\u00fcdosten der Stadt s\u00fcdlich des Schweriner Sees. Im Norden grenzt Neu Zippendorf an den Ortsteil Zippendorf, in welchem sich der Zoo und ein Badestrand befinden, weiterhin grenzen der Gro\u00dfe Dreesch und die waldreichen Stadtteile G\u00f6hrener Tannen und Mue\u00dfer Holz an Neu Zippendorf.&#8220;<\/p>\n<p><b>&#8222;Zippendorf<\/b> ist ein Stadtteil der mecklenburg-vorpommerschen Landeshauptstadt Schwerin mit 1010\u00a0Einwohnern (Stand: Dez. 2009) und einer Fl\u00e4che von 147\u00a0Hektar.&#8220;<\/p>\n<p><b>&#8222;Mue\u00df<\/b> ist ein Stadtteil von Schwerin, der Landeshauptstadt Mecklenburg-Vorpommerns, mit 990 Einwohnern und einer Fl\u00e4che von 327 Hektar.&#8220;<\/p>\n<p>&#8222;<strong>Friedrichsthal<\/strong> ist ein Ortsteil im Nordwesten der mecklenburg-vorpommerschen Landeshauptstadt Schwerin n\u00f6rdlich des Neum\u00fchler Sees. Im Norden grenzt das Gebiet an den Ortsteil Warnitz, im Osten an den Ortsteil Lankow. In <strong>Friedrichsthal<\/strong> befindet sich das gleichnamige barocke Jagdschloss, das gleichzeitig Wahrzeichen ist. &#8220;<\/p>\n<p>&#8222;So wurde 1955 bis 1974 die <strong>Weststadt<\/strong> erweitert&#8220;<\/p>\n<p>&#8222;<strong>Feldstadt<\/strong> liegt im S\u00fcdwesten der Altstadt &#8220;<\/p>\n<p><strong>&#8222;Lankow<\/strong> ist ein Stadtteil der mecklenburg-vorpommerschen Landeshauptstadt Schwerin zwischen dem Lankower- und Medeweger See.<br \/>\n<strong>Lankow<\/strong> liegt im Nordwesten Schwerins.&#8220;<\/p>\n<p>&#8212;&#8212;&#8212;&#8212;&#8212;&#8212;&#8212;&#8212;&#8212;&#8212;&#8212;&#8212;&#8212;&#8212;&#8212;<\/p>\n<p>&nbsp;<\/p>\n<p><a href=\"https:\/\/www.ndr.de\/ratgeber\/reise\/mecklenburg\/Schwerin-Sehenswuerdigkeiten-rund-ums-Schloss,schwerin4.html\" rel=\"noopener noreferrer\" target=\"_blank\">https:\/\/www.ndr.de\/ratgeber\/reise\/mecklenburg\/Schwerin-Sehenswuerdigkeiten-rund-ums-Schloss,schwerin4.html<\/a><\/p>\n<p>&nbsp;<\/p>\n<p>&nbsp;<\/p>\n<p>&nbsp;<\/p>\n<p>&nbsp;<\/p>\n<p>&nbsp;<\/p>\n<p>&nbsp;<\/p>\n<p>&nbsp;<\/p>\n<p>&nbsp;<\/p>\n","protected":false},"excerpt":{"rendered":"<p>&#8222;Schwerin (niederdeutsch Swerin) ist die Landeshauptstadt von Mecklenburg-Vorpommern. Die kreisfreie Stadt ist nach Rostock zweitgr\u00f6\u00dfte Stadt und eines der vier Oberzentren des Bundeslandes. Laut Hauptsatzung der Stadt f\u00fchrt sie die Bezeichnung \u201eLandeshauptstadt\u201c vor dem Stadtnamen. Mit etwas weniger als 100.000 &hellip; <a href=\"http:\/\/www.sabinewenig.de\/myblog\/?page_id=27166\">Weiterlesen <span class=\"meta-nav\">&rarr;<\/span><\/a><\/p>\n","protected":false},"author":1,"featured_media":0,"parent":26773,"menu_order":0,"comment_status":"closed","ping_status":"closed","template":"","meta":{"ngg_post_thumbnail":0,"footnotes":""},"class_list":["post-27166","page","type-page","status-publish","hentry"],"_links":{"self":[{"href":"http:\/\/www.sabinewenig.de\/myblog\/index.php?rest_route=\/wp\/v2\/pages\/27166","targetHints":{"allow":["GET"]}}],"collection":[{"href":"http:\/\/www.sabinewenig.de\/myblog\/index.php?rest_route=\/wp\/v2\/pages"}],"about":[{"href":"http:\/\/www.sabinewenig.de\/myblog\/index.php?rest_route=\/wp\/v2\/types\/page"}],"author":[{"embeddable":true,"href":"http:\/\/www.sabinewenig.de\/myblog\/index.php?rest_route=\/wp\/v2\/users\/1"}],"replies":[{"embeddable":true,"href":"http:\/\/www.sabinewenig.de\/myblog\/index.php?rest_route=%2Fwp%2Fv2%2Fcomments&post=27166"}],"version-history":[{"count":0,"href":"http:\/\/www.sabinewenig.de\/myblog\/index.php?rest_route=\/wp\/v2\/pages\/27166\/revisions"}],"up":[{"embeddable":true,"href":"http:\/\/www.sabinewenig.de\/myblog\/index.php?rest_route=\/wp\/v2\/pages\/26773"}],"wp:attachment":[{"href":"http:\/\/www.sabinewenig.de\/myblog\/index.php?rest_route=%2Fwp%2Fv2%2Fmedia&parent=27166"}],"curies":[{"name":"wp","href":"https:\/\/api.w.org\/{rel}","templated":true}]}}