{"id":26807,"date":"2016-01-17T17:47:40","date_gmt":"2016-01-17T16:47:40","guid":{"rendered":"http:\/\/www.sabinewenig.de\/myblog\/?page_id=26807"},"modified":"2025-02-20T10:10:49","modified_gmt":"2025-02-20T09:10:49","slug":"2010-und-2011schwerin","status":"publish","type":"page","link":"http:\/\/www.sabinewenig.de\/myblog\/?page_id=26807","title":{"rendered":"2011 Schwerin"},"content":{"rendered":"<p><img loading=\"lazy\" decoding=\"async\" class=\"alignnone size-full wp-image-26913\" src=\"http:\/\/www.sabinewenig.de\/myblog\/wp-content\/uploads\/2016\/01\/headerbild2011.jpg\" alt=\"headerbild2011\" width=\"621\" height=\"182\" srcset=\"http:\/\/www.sabinewenig.de\/myblog\/wp-content\/uploads\/2016\/01\/headerbild2011.jpg 621w, http:\/\/www.sabinewenig.de\/myblog\/wp-content\/uploads\/2016\/01\/headerbild2011-300x88.jpg 300w\" sizes=\"auto, (max-width: 621px) 100vw, 621px\" \/><\/p>\n<table border=\"0\" width=\"100%\" cellspacing=\"2\" cellpadding=\"2\">\n<tbody>\n<tr>\n<td><strong>Banzkow<\/strong><\/p>\n<p><a href=\"http:\/\/www.gemeinde-banzkow.de\/\" target=\"_blank\" rel=\"noopener\">http:\/\/www.gemeinde-banzkow.de\/<\/a><\/p>\n<p><a href=\"http:\/\/de.wikipedia.org\/wiki\/Banzkow\" target=\"_blank\" rel=\"noopener\">http:\/\/de.wikipedia.org\/wiki\/Banzkow<\/a><\/p>\n<p>Im Fr\u00fchling 2011 verschlug es uns nach Banzkow &#8211; unweit von Schwerin (15km).<\/p>\n<p><img loading=\"lazy\" decoding=\"async\" src=\"http:\/\/www.sabinewenig.de\/myblog\/wp-content\/uploads\/2016\/schwerin\/2011\/banzkow\/PICT1421.JPG\" alt=\"\" width=\"192\" height=\"256\" \/> Einkaufsstelle<\/p>\n<p><img loading=\"lazy\" decoding=\"async\" src=\"http:\/\/www.sabinewenig.de\/myblog\/wp-content\/uploads\/2016\/schwerin\/2011\/banzkow\/PICT1429.JPG\" alt=\"\" width=\"192\" height=\"256\" \/> Kirche<\/p>\n<p><img loading=\"lazy\" decoding=\"async\" src=\"http:\/\/www.sabinewenig.de\/myblog\/wp-content\/uploads\/2016\/schwerin\/2011\/banzkow\/PICT1425.JPG\" alt=\"\" width=\"256\" height=\"192\" \/>  Blick von der Hubbr\u00fccke<\/p>\n<p><img loading=\"lazy\" decoding=\"async\" src=\"http:\/\/www.sabinewenig.de\/myblog\/wp-content\/uploads\/2016\/schwerin\/2011\/banzkow\/PICT1422.JPG\" alt=\"\" width=\"256\" height=\"192\" \/> <img loading=\"lazy\" decoding=\"async\" src=\"http:\/\/www.sabinewenig.de\/myblog\/wp-content\/uploads\/2016\/schwerin\/2011\/banzkow\/PICT1427.JPG\" alt=\"\" width=\"256\" height=\"192\" \/><br \/>\nseitlich der Hubbr\u00fccke an der St\u00f6r-Wasserstra\u00dfe<\/p>\n<p><img loading=\"lazy\" decoding=\"async\" src=\"http:\/\/www.sabinewenig.de\/myblog\/wp-content\/uploads\/2016\/schwerin\/2011\/banzkow\/PICT1423.JPG\" alt=\"\" width=\"256\" height=\"192\" \/> <img loading=\"lazy\" decoding=\"async\" src=\"http:\/\/www.sabinewenig.de\/myblog\/wp-content\/uploads\/2016\/schwerin\/2011\/banzkow\/PICT1426.JPG\" alt=\"\" width=\"256\" height=\"192\" \/><br \/>\nseitlich der Hubbr\u00fccke an der St\u00f6r-Wasserstra\u00dfe<\/p>\n<p><img loading=\"lazy\" decoding=\"async\" src=\"http:\/\/www.sabinewenig.de\/myblog\/wp-content\/uploads\/2016\/schwerin\/2011\/banzkow\/PICT1424.JPG\" alt=\"\" width=\"256\" height=\"192\" \/> <img loading=\"lazy\" decoding=\"async\" src=\"http:\/\/www.sabinewenig.de\/myblog\/wp-content\/uploads\/2016\/schwerin\/2011\/banzkow\/PICT1428.JPG\" alt=\"\" width=\"256\" height=\"192\" \/><br \/>\nseitlich der Hubbr\u00fccke an der St\u00f6r-Wasserstra\u00dfe<\/td>\n<\/tr>\n<tr>\n<td><strong>Banzkow<\/strong> <strong>&#8211; Lewitz-M\u00fchle<\/strong><\/p>\n<p>http:\/\/www.center-hotels.de\/freizeit-resort-lewitz-muehle\/<\/p>\n<p>Im Fr\u00fchling 2011 verschlug es uns nach Banzkow &#8211; unweit von Schwerin (15km).<br \/>\nHier wohnten wir in der Lewitz-M\u00fchle.<\/p>\n<p><img loading=\"lazy\" decoding=\"async\" src=\"http:\/\/www.sabinewenig.de\/myblog\/wp-content\/uploads\/2016\/schwerin\/2011\/lewitz-muehle-hotel\/muehle.jpg\" alt=\"\" width=\"170\" height=\"256\" \/> <img loading=\"lazy\" decoding=\"async\" src=\"http:\/\/www.sabinewenig.de\/myblog\/wp-content\/uploads\/2016\/schwerin\/2011\/lewitz-muehle-hotel\/muehle_mit_restaurant.jpg\" alt=\"\" width=\"256\" height=\"172\" \/> <img loading=\"lazy\" decoding=\"async\" src=\"http:\/\/www.sabinewenig.de\/myblog\/wp-content\/uploads\/2016\/schwerin\/2011\/lewitz-muehle-hotel\/PICT1430.JPG\" alt=\"\" width=\"192\" height=\"256\" \/> M\u00fchle mit Restaurant<\/p>\n<p><img loading=\"lazy\" decoding=\"async\" src=\"http:\/\/www.sabinewenig.de\/myblog\/wp-content\/uploads\/2016\/schwerin\/2011\/lewitz-muehle-hotel\/hotel-vor_eingang-strandkoerbe.jpg\" alt=\"\" width=\"256\" height=\"172\" \/> <img loading=\"lazy\" decoding=\"async\" src=\"http:\/\/www.sabinewenig.de\/myblog\/wp-content\/uploads\/2016\/schwerin\/2011\/lewitz-muehle-hotel\/PICT1433.JPG\" alt=\"\" width=\"256\" height=\"192\" \/><br \/>\nHotel &#8211; vor Eingang Strandk\u00f6rbe<\/p>\n<p><img loading=\"lazy\" decoding=\"async\" src=\"http:\/\/www.sabinewenig.de\/myblog\/wp-content\/uploads\/2016\/schwerin\/2011\/lewitz-muehle-hotel\/PICT1431.JPG\" alt=\"\" width=\"256\" height=\"192\" \/>  Hotel-Eingang zur Rezeption<\/p>\n<p><img loading=\"lazy\" decoding=\"async\" src=\"http:\/\/www.sabinewenig.de\/myblog\/wp-content\/uploads\/2016\/schwerin\/2011\/lewitz-muehle-hotel\/PICT1432.JPG\" alt=\"\" width=\"256\" height=\"192\" \/> \u00dcbergang Hotel zur Rezeption &#8211; Pergola<\/p>\n<p><img loading=\"lazy\" decoding=\"async\" src=\"http:\/\/www.sabinewenig.de\/myblog\/wp-content\/uploads\/2016\/schwerin\/2011\/lewitz-muehle-hotel\/hotel-restaurant-bine_am_tisch.jpg\" alt=\"\" width=\"256\" height=\"172\" \/> Hotel-Restaurant &#8211; Bine am Tisch<\/p>\n<p><img loading=\"lazy\" decoding=\"async\" src=\"http:\/\/www.sabinewenig.de\/myblog\/wp-content\/uploads\/2016\/schwerin\/2011\/lewitz-muehle-hotel\/hotel-restaurant-eingang-erich_raucht.jpg\" alt=\"\" width=\"256\" height=\"171\" \/> Hotel-Restaurant-Eingang &#8211; Erich raucht<\/p>\n<p><img loading=\"lazy\" decoding=\"async\" src=\"http:\/\/www.sabinewenig.de\/myblog\/wp-content\/uploads\/2016\/schwerin\/2011\/lewitz-muehle-hotel\/muehlenkatze.jpg\" alt=\"\" width=\"172\" height=\"256\" \/>  M\u00fchlenkatze<\/p>\n<p><img loading=\"lazy\" decoding=\"async\" src=\"http:\/\/www.sabinewenig.de\/myblog\/wp-content\/uploads\/2016\/schwerin\/2011\/lewitz-muehle-hotel\/hotel-wandbemalung.jpg\" alt=\"\" width=\"256\" height=\"171\" \/> <img loading=\"lazy\" decoding=\"async\" src=\"http:\/\/www.sabinewenig.de\/myblog\/wp-content\/uploads\/2016\/schwerin\/2011\/lewitz-muehle-hotel\/hotel-wandbemalung1.jpg\" alt=\"\" width=\"256\" height=\"173\" \/><br \/>\nHotel-Wandbemalung zum Keller runter<\/p>\n<p><img loading=\"lazy\" decoding=\"async\" src=\"http:\/\/www.sabinewenig.de\/myblog\/wp-content\/uploads\/2016\/schwerin\/2011\/lewitz-muehle-hotel\/hotel-aussenbereich-teich.jpg\" alt=\"\" width=\"256\" height=\"170\" \/> Hotel &#8211; Au\u00dfenbereich &#8211; Teich<\/p>\n<p><img loading=\"lazy\" decoding=\"async\" src=\"http:\/\/www.sabinewenig.de\/myblog\/wp-content\/uploads\/2016\/schwerin\/2011\/lewitz-muehle-hotel\/PICT1434.JPG\" alt=\"\" width=\"256\" height=\"192\" \/><br \/>\nBlick aus unserem Fenster auf den Froschteich<\/p>\n<p><img loading=\"lazy\" decoding=\"async\" src=\"http:\/\/www.sabinewenig.de\/myblog\/wp-content\/uploads\/2016\/schwerin\/2011\/lewitz-muehle-hotel\/hotel-flur-richtung_unser_zimmer.jpg\" alt=\"\" width=\"256\" height=\"171\" \/>  Hotel &#8211; Flur &#8211; Richtung unser Zimmer<\/p>\n<p><img loading=\"lazy\" decoding=\"async\" src=\"http:\/\/www.sabinewenig.de\/myblog\/wp-content\/uploads\/2016\/schwerin\/2011\/lewitz-muehle-hotel\/hotel-zimmer-beschriftung.jpg\" alt=\"\" width=\"173\" height=\"256\" \/>  Hotel-Zimmer-Beschriftung<\/p>\n<p><img loading=\"lazy\" decoding=\"async\" src=\"http:\/\/www.sabinewenig.de\/myblog\/wp-content\/uploads\/2016\/schwerin\/2011\/lewitz-muehle-hotel\/hotel-zimmer_richtung_fenster.jpg\" alt=\"\" width=\"256\" height=\"168\" \/> Hotel-Zimmer Richtung Fenster<\/p>\n<p><img loading=\"lazy\" decoding=\"async\" src=\"http:\/\/www.sabinewenig.de\/myblog\/wp-content\/uploads\/2016\/schwerin\/2011\/lewitz-muehle-hotel\/hotel-zimmer_richtung_tuere.jpg\" alt=\"\" width=\"256\" height=\"171\" \/> Hotel &#8211; Zimmer Richtung T\u00fcre<\/p>\n<p><img loading=\"lazy\" decoding=\"async\" src=\"http:\/\/www.sabinewenig.de\/myblog\/wp-content\/uploads\/2016\/schwerin\/2011\/lewitz-muehle-hotel\/hotel-bad_links.jpg\" alt=\"\" width=\"173\" height=\"256\" \/> <img loading=\"lazy\" decoding=\"async\" src=\"http:\/\/www.sabinewenig.de\/myblog\/wp-content\/uploads\/2016\/schwerin\/2011\/lewitz-muehle-hotel\/hotel-bad_rechts.jpg\" alt=\"\" width=\"170\" height=\"256\" \/>  Hotel &#8211; Bad<\/td>\n<\/tr>\n<tr>\n<td><strong>Schwerin &#8211; Geheimtip<\/strong><\/p>\n<p>http:\/\/www.suppenstube.de\/<\/p>\n<p>http:\/\/www.schweriner.de\/cms\/index.php?id=129<\/p>\n<p>http:\/\/tochkopf.wordpress.com\/2007\/12\/07\/suppenstube-schwerin\/<\/p>\n<p>Unser Geheimtip zum Essen ist in Schwerin die &#8222;Suppenstube&#8220; &#8211; in der Seitenstra\u00dfe N\u00e4he Markt.<\/p>\n<p><img loading=\"lazy\" decoding=\"async\" src=\"http:\/\/www.sabinewenig.de\/myblog\/wp-content\/uploads\/2016\/schwerin\/2011\/geheimtip\/suppenstube.jpg\" alt=\"\" width=\"256\" height=\"172\" \/><\/p>\n<p>Auf dem Hof ist es urig gem\u00fctlich und es schmeckt wie bei Muttern.<\/p>\n<p><img loading=\"lazy\" decoding=\"async\" src=\"http:\/\/www.sabinewenig.de\/myblog\/wp-content\/uploads\/2016\/schwerin\/2011\/geheimtip\/PICT1450.JPG\" alt=\"\" width=\"192\" height=\"256\" \/> Es wurde alles mit sehr viel Liebe gestaltet.<\/p>\n<p><img loading=\"lazy\" decoding=\"async\" src=\"http:\/\/www.sabinewenig.de\/myblog\/wp-content\/uploads\/2016\/schwerin\/2011\/geheimtip\/PICT1451.JPG\" alt=\"\" width=\"256\" height=\"192\" \/><\/td>\n<\/tr>\n<tr>\n<td><strong>Schwerin &#8211; Kunst<\/strong><\/p>\n<p>Als Kunstliebhaber suche ich immer bemalte Objekte<\/p>\n<p>in Schwerin:<br \/>\n<img loading=\"lazy\" decoding=\"async\" src=\"http:\/\/www.sabinewenig.de\/myblog\/wp-content\/uploads\/2016\/schwerin\/2011\/kunst\/PICT1435.JPG\" alt=\"\" width=\"192\" height=\"256\" \/><\/p>\n<p><img loading=\"lazy\" decoding=\"async\" src=\"http:\/\/www.sabinewenig.de\/myblog\/wp-content\/uploads\/2016\/schwerin\/2011\/kunst\/PICT1437.JPG\" alt=\"\" width=\"256\" height=\"192\" \/> <img loading=\"lazy\" decoding=\"async\" src=\"http:\/\/www.sabinewenig.de\/myblog\/wp-content\/uploads\/2016\/schwerin\/2011\/kunst\/PICT1438.JPG\" alt=\"\" width=\"256\" height=\"192\" \/><\/p>\n<p>und in der Lewitz-M\u00fchle:<\/p>\n<p><img loading=\"lazy\" decoding=\"async\" src=\"http:\/\/www.sabinewenig.de\/myblog\/wp-content\/uploads\/2016\/schwerin\/2011\/kunst\/wandbemalung2.gif\" alt=\"\" width=\"302\" height=\"345\" \/><br \/>\n<img loading=\"lazy\" decoding=\"async\" src=\"http:\/\/www.sabinewenig.de\/myblog\/wp-content\/uploads\/2016\/schwerin\/2011\/kunst\/wandbemalung1.gif\" alt=\"\" width=\"343\" height=\"302\" \/><\/td>\n<\/tr>\n<tr>\n<td><strong>Schwerin &#8211; Am Margarethenhof<\/strong><\/p>\n<p><a href=\"http:\/\/www.google.de\/search?q=Schwerin+margarethenhof&amp;rls=com.microsoft:de:IE-SearchBox&amp;ie=UTF-8&amp;oe=UTF-8&amp;sourceid=ie7&amp;rlz=1I7GGIE_de&amp;redir_esc=&amp;ei=ptZPTtqLIa-K4gSQk4HBBw\" target=\"_blank\" rel=\"noopener\">Margarethenhof gegoogelt<\/a><\/p>\n<p>In Schwerin &#8211; im Margarethenhof &#8211; befinden sich neben dem Jobcenter auch Einkaufspassagen.<\/p>\n<p>Leider ist es keine gute Einkaufsgegend und so gehen viele Gesch\u00e4fte schnell wieder bankrott.<\/p>\n<p><img loading=\"lazy\" decoding=\"async\" src=\"http:\/\/www.sabinewenig.de\/myblog\/wp-content\/uploads\/2016\/schwerin\/2011\/margarethenhof\/margaretenhof-erichs_fruehere_buchhandlung-weiter_weg.jpg\" alt=\"\" width=\"256\" height=\"173\" \/><\/p>\n<p><img loading=\"lazy\" decoding=\"async\" src=\"http:\/\/www.sabinewenig.de\/myblog\/wp-content\/uploads\/2016\/schwerin\/2011\/margarethenhof\/margaretenhof-erichs_fruehere_buchhandlung-anderer_Winkel.jpg\" alt=\"\" width=\"256\" height=\"171\" \/><\/p>\n<p><img loading=\"lazy\" decoding=\"async\" src=\"http:\/\/www.sabinewenig.de\/myblog\/wp-content\/uploads\/2016\/schwerin\/2011\/margarethenhof\/margaretenhof-erichs_fruehere_buchhandlung.jpg\" alt=\"\" width=\"256\" height=\"171\" \/><\/td>\n<\/tr>\n<tr>\n<td><strong>Schwerin &#8211; Schifffahrt<\/strong><\/p>\n<p><a href=\"http:\/\/www.weisseflotteschwerin.de\/\" target=\"_blank\" rel=\"noopener\">http:\/\/www.weisseflotteschwerin.de\/<\/a><\/p>\n<p><a href=\"http:\/\/de.wikipedia.org\/wiki\/Wei%C3%9Fe_Flotte_(Schwerin)\" target=\"_blank\" rel=\"noopener\">http:\/\/de.wikipedia.org\/wiki\/Wei%C3%9Fe_Flotte_(Schwerin)<\/a><\/p>\n<p>Wie immer, wenn wir in Schwerin sind, gab es nat\u00fcrlich eine Schiffsfahrt auf dem Schweriner See (und umliegende Seen).<\/p>\n<p><img loading=\"lazy\" decoding=\"async\" src=\"http:\/\/www.sabinewenig.de\/myblog\/wp-content\/uploads\/2016\/schwerin\/2011\/schifffahrt\/PICT1440.JPG\" alt=\"\" width=\"192\" height=\"256\" \/> <img loading=\"lazy\" decoding=\"async\" src=\"http:\/\/www.sabinewenig.de\/myblog\/wp-content\/uploads\/2016\/schwerin\/2011\/schifffahrt\/PICT1441.JPG\" alt=\"\" width=\"192\" height=\"256\" \/><br \/>\nEin Reiher begr\u00fc\u00dfte uns.<\/p>\n<p><img loading=\"lazy\" decoding=\"async\" src=\"http:\/\/www.sabinewenig.de\/myblog\/wp-content\/uploads\/2016\/schwerin\/2011\/schifffahrt\/schiff_schwerin.jpg\" alt=\"\" width=\"256\" height=\"172\" \/> Schiff Schwerin<\/p>\n<p><img loading=\"lazy\" decoding=\"async\" src=\"http:\/\/www.sabinewenig.de\/myblog\/wp-content\/uploads\/2016\/schwerin\/2011\/schifffahrt\/PICT1445.JPG\" alt=\"\" width=\"256\" height=\"192\" \/>  Schiff &#8222;Schwerin&#8220; unter Deck<\/p>\n<p><img loading=\"lazy\" decoding=\"async\" src=\"http:\/\/www.sabinewenig.de\/myblog\/wp-content\/uploads\/2016\/schwerin\/2011\/schifffahrt\/PICT1442.JPG\" alt=\"\" width=\"256\" height=\"192\" \/> <img loading=\"lazy\" decoding=\"async\" src=\"http:\/\/www.sabinewenig.de\/myblog\/wp-content\/uploads\/2016\/schwerin\/2011\/schifffahrt\/PICT1443.JPG\" alt=\"\" width=\"256\" height=\"192\" \/><br \/>\nAusfahrt &#8211; im Hintergrund das Schloss.<\/p>\n<p><img loading=\"lazy\" decoding=\"async\" src=\"http:\/\/www.sabinewenig.de\/myblog\/wp-content\/uploads\/2016\/schwerin\/2011\/schifffahrt\/PICT1449.JPG\" alt=\"\" width=\"256\" height=\"192\" \/> <img loading=\"lazy\" decoding=\"async\" src=\"http:\/\/www.sabinewenig.de\/myblog\/wp-content\/uploads\/2016\/schwerin\/2011\/schifffahrt\/schifffahrt-hintergrund_schloss.jpg\" alt=\"\" width=\"256\" height=\"171\" \/><\/p>\n<p><img loading=\"lazy\" decoding=\"async\" src=\"http:\/\/www.sabinewenig.de\/myblog\/wp-content\/uploads\/2016\/schwerin\/2011\/schifffahrt\/PICT1444.JPG\" alt=\"\" width=\"256\" height=\"192\" \/>  Panoramablick auf Schwerin<\/p>\n<p><img loading=\"lazy\" decoding=\"async\" src=\"http:\/\/www.sabinewenig.de\/myblog\/wp-content\/uploads\/2016\/schwerin\/2011\/schifffahrt\/PICT1446.JPG\" alt=\"\" width=\"256\" height=\"192\" \/> <img loading=\"lazy\" decoding=\"async\" src=\"http:\/\/www.sabinewenig.de\/myblog\/wp-content\/uploads\/2016\/schwerin\/2011\/schifffahrt\/PICT1447.JPG\" alt=\"\" width=\"256\" height=\"192\" \/><br \/>\nLeider nebelig und diesig.<\/p>\n<p><img loading=\"lazy\" decoding=\"async\" src=\"http:\/\/www.sabinewenig.de\/myblog\/wp-content\/uploads\/2016\/schwerin\/2011\/schifffahrt\/PICT1448.JPG\" alt=\"\" width=\"256\" height=\"192\" \/>  Zippendorf<\/td>\n<\/tr>\n<tr>\n<td><strong>Schwerin <\/strong><\/p>\n<p><a href=\"http:\/\/www.schwerin.de\/\" target=\"_blank\" rel=\"noopener\">http:\/\/www.schwerin.de\/<\/a><\/p>\n<p><a href=\"http:\/\/www.schwerin.com\/\" target=\"_blank\" rel=\"noopener\">http:\/\/www.schwerin.com\/<\/a><\/p>\n<p><a href=\"http:\/\/de.wikipedia.org\/wiki\/Schwerin\" target=\"_blank\" rel=\"noopener\">http:\/\/de.wikipedia.org\/wiki\/Schwerin<\/a><\/p>\n<p>Schwerin ist immer eine Reise wert !<\/p>\n<p>Und so besuchten wir nat\u00fcrlich, wenn wir schon so nahe (in Banzkow) waren, auch unser geliebtes Schwerin.<\/p>\n<p><img loading=\"lazy\" decoding=\"async\" src=\"http:\/\/www.sabinewenig.de\/myblog\/wp-content\/uploads\/2016\/schwerin\/2011\/schwerin\/haltestelle_schlossblick-warten_auf_bus_nach_banzkow.jpg\" alt=\"\" width=\"256\" height=\"172\" \/><br \/>\nHaltestelle Schlossblick &#8211; warten auf Bus nach Banzkow<\/p>\n<p><img loading=\"lazy\" decoding=\"async\" src=\"http:\/\/www.sabinewenig.de\/myblog\/wp-content\/uploads\/2016\/schwerin\/2011\/schwerin\/PICT1436.JPG\" alt=\"\" width=\"192\" height=\"256\" \/> Schlossblick von der Haltestelle runter<\/p>\n<p><img loading=\"lazy\" decoding=\"async\" src=\"http:\/\/www.sabinewenig.de\/myblog\/wp-content\/uploads\/2016\/schwerin\/2011\/schwerin\/schloss_von_seite.jpg\" alt=\"\" width=\"256\" height=\"170\" \/> Schloss von Seite &#8211; wundersch\u00f6n<\/p>\n<p><img loading=\"lazy\" decoding=\"async\" src=\"http:\/\/www.sabinewenig.de\/myblog\/wp-content\/uploads\/2016\/schwerin\/2011\/schwerin\/schlossblick.jpg\" alt=\"\" width=\"256\" height=\"171\" \/>  Schlossblick<\/p>\n<p><img loading=\"lazy\" decoding=\"async\" src=\"http:\/\/www.sabinewenig.de\/myblog\/wp-content\/uploads\/2016\/schwerin\/2011\/schwerin\/PICT1439.JPG\" alt=\"\" width=\"256\" height=\"192\" \/> Das Theater<\/p>\n<p><img loading=\"lazy\" decoding=\"async\" src=\"http:\/\/www.sabinewenig.de\/myblog\/wp-content\/uploads\/2016\/schwerin\/2011\/schwerin\/schweriner_see.jpg\" alt=\"\" width=\"256\" height=\"170\" \/> Schweriner See<\/p>\n<p><img loading=\"lazy\" decoding=\"async\" src=\"http:\/\/www.sabinewenig.de\/myblog\/wp-content\/uploads\/2016\/schwerin\/2011\/schwerin\/schweriner_see_mit_erich_davor.jpg\" alt=\"\" width=\"256\" height=\"171\" \/> Schweriner See mit Erich davor<\/p>\n<p><img loading=\"lazy\" decoding=\"async\" src=\"http:\/\/www.sabinewenig.de\/myblog\/wp-content\/uploads\/2016\/schwerin\/2011\/schwerin\/am_schweriner_see_am_marstall_auf_landzunge.jpg\" alt=\"\" width=\"256\" height=\"172\" \/><br \/>\nam Schweriner See am Marstall auf Landzunge<\/td>\n<\/tr>\n<\/tbody>\n<\/table>\n","protected":false},"excerpt":{"rendered":"<p>Banzkow http:\/\/www.gemeinde-banzkow.de\/ http:\/\/de.wikipedia.org\/wiki\/Banzkow Im Fr\u00fchling 2011 verschlug es uns nach Banzkow &#8211; unweit von Schwerin (15km). Einkaufsstelle Kirche Blick von der Hubbr\u00fccke seitlich der Hubbr\u00fccke an der St\u00f6r-Wasserstra\u00dfe seitlich der Hubbr\u00fccke an der St\u00f6r-Wasserstra\u00dfe seitlich der Hubbr\u00fccke an der St\u00f6r-Wasserstra\u00dfe &hellip; <a href=\"http:\/\/www.sabinewenig.de\/myblog\/?page_id=26807\">Weiterlesen <span class=\"meta-nav\">&rarr;<\/span><\/a><\/p>\n","protected":false},"author":1,"featured_media":0,"parent":27166,"menu_order":0,"comment_status":"closed","ping_status":"closed","template":"","meta":{"ngg_post_thumbnail":0,"footnotes":""},"class_list":["post-26807","page","type-page","status-publish","hentry"],"_links":{"self":[{"href":"http:\/\/www.sabinewenig.de\/myblog\/index.php?rest_route=\/wp\/v2\/pages\/26807","targetHints":{"allow":["GET"]}}],"collection":[{"href":"http:\/\/www.sabinewenig.de\/myblog\/index.php?rest_route=\/wp\/v2\/pages"}],"about":[{"href":"http:\/\/www.sabinewenig.de\/myblog\/index.php?rest_route=\/wp\/v2\/types\/page"}],"author":[{"embeddable":true,"href":"http:\/\/www.sabinewenig.de\/myblog\/index.php?rest_route=\/wp\/v2\/users\/1"}],"replies":[{"embeddable":true,"href":"http:\/\/www.sabinewenig.de\/myblog\/index.php?rest_route=%2Fwp%2Fv2%2Fcomments&post=26807"}],"version-history":[{"count":0,"href":"http:\/\/www.sabinewenig.de\/myblog\/index.php?rest_route=\/wp\/v2\/pages\/26807\/revisions"}],"up":[{"embeddable":true,"href":"http:\/\/www.sabinewenig.de\/myblog\/index.php?rest_route=\/wp\/v2\/pages\/27166"}],"wp:attachment":[{"href":"http:\/\/www.sabinewenig.de\/myblog\/index.php?rest_route=%2Fwp%2Fv2%2Fmedia&parent=26807"}],"curies":[{"name":"wp","href":"https:\/\/api.w.org\/{rel}","templated":true}]}}